s the highest common factor of 200 and 1300?
100
What is the highest common divisor of 30 and 50?
10
Calculate the greatest common divisor of 10 and 55.
5
Calculate the greatest common divisor of 3498 and 212.
106
What is the greatest common factor of 280 and 180?
20
What is the greatest common factor of 17 and 3026?
17
Calculate the greatest common factor of 23 and 23.
23
What is the greatest common factor of 18 and 99?
9
What is the greatest common divisor of 35 and 1211?
7
What is the highest common divisor of 14 and 301?
7
Calculate the highest common divisor of 134 and 4.
2
What is the highest common factor of 5650 and 50?
50
Calculate the greatest common divisor of 14 and 434.
14
What is the greatest common factor of 4 and 2956?
4
What is the greatest common divisor of 252 and 36?
36
What is the highest common factor of 621 and 270?
27
What is the highest common divisor of 6 and 9528?
6
Calculate the greatest common divisor of 25 and 955.
5
What is the greatest common divisor of 780 and 1500?
60
What is the greatest common divisor of 66 and 5269?
11
Calculate the highest common factor of 684 and 108.
36
What is the highest common divisor of 3598 and 266?
14
Calculate the greatest common factor of 177 and 3.
3
What is the highest common factor of 65 and 247?
13
Calculate the greatest common divisor of 517 and 94.
47
Calculate the greatest common factor of 364 and 208.
52
What is the greatest common divisor of 61301 and 59?
59
Calculate the greatest common divisor of 177 and 3.
3
Calculate the greatest common factor of 110 and 1135.
5
Calculate the highest common divisor of 332 and 8383.
83
Calculate the highest common divisor of 37544 and 104.
104
What is the greatest common factor of 92 and 4?
4
What is the greatest common divisor of 3 and 276?
3
What is the greatest common divisor of 104 and 32?
8
What is the highest common divisor of 128 and 4?
4
Calculate the highest common divisor of 3650 and 511.
73
What is the highest common factor of 314 and 26219?
157
Calculate the highest common divisor of 1298 and 1534.
118
What is the greatest common factor of 104 and 455?
13
Calculate the highest common factor of 12 and 258.
6
What is the highest common factor of 637 and 13?
13
Calculate the highest common factor of 153 and 32283.
153
What is the greatest common divisor of 75 and 25?
25
What is the greatest common factor of 140 and 60?
20
Calculate the greatest common divisor of 52 and 1196.
52
What is the highest common divisor of 885 and 105?
15
What is the greatest common divisor of 94 and 8037?
47
Calculate the highest common divisor of 1755 and 52.
13
What is the highest common factor of 145 and 35?
5
Calculate the highest common factor of 58 and 12209.
29
Calculate the highest common factor of 24 and 376.
8
Calculate the highest common factor of 7037 and 1589.
227
What is the highest common factor of 423 and 893?
47
What is the highest common divisor of 510 and 240?
30
What is the highest common factor of 40 and 740?
20
Calculate the greatest common divisor of 1701 and 63.
63
What is the greatest common divisor of 2392 and 46?
46
Calculate the highest common divisor of 22712 and 272.
136
What is the highest common factor of 5112 and 16?
8
Calculate the highest common divisor of 1066 and 328.
82
Calculate the greatest common factor of 3 and 3.
3
What is the highest common divisor of 18904 and 272?
136
What is the highest common divisor of 3073 and 91?
7
What is the greatest common factor of 105 and 10570?
35
What is the greatest common divisor of 12142 and 26?
26
What is the highest common divisor of 132 and 2420?
44
What is the greatest common divisor of 12 and 516?
12
Calculate the greatest common factor of 2 and 3215.
1
Calculate the highest common divisor of 275 and 50.
25
Calculate the greatest common divisor of 84 and 228.
12
Calculate the highest common factor of 29 and 2929.
29
What is the highest common factor of 6846 and 378?
42
Calculate the highest common factor of 62 and 93.
31
Calculate the greatest common factor of 300 and 120.
60
What is the greatest common divisor of 50 and 20?
10
Calculate the greatest common divisor of 110 and 6655.
55
Calculate the greatest common divisor of 65 and 3328.
13
What is the greatest common divisor of 44 and 275?
11
What is the greatest common factor of 432 and 16?
16
What is the highest common divisor of 756 and 28?
28
What is the greatest common factor of 1265 and 495?
55
What is the greatest common divisor of 289 and 85?
17
What is the highest common factor of 36 and 192?
12
What is the highest common divisor of 42 and 28?
14
Calculate the greatest common divisor of 104 and 116.
4
What is the highest common divisor of 1005 and 268?
67
Calculate the highest common divisor of 220 and 740.
20
Calculate the greatest common factor of 9 and 22293.
9
What is the highest common factor of 355 and 205?
5
What is the greatest common divisor of 48 and 56?
8
What is the greatest common divisor of 144 and 28368?
144
What is the greatest common divisor of 121 and 11?
11
What is the greatest common divisor of 24 and 42?
6
What is the greatest common factor of 12160 and 475?
95
Calculate the highest common factor of 151 and 2567.
151
Calculate the greatest common factor of 378 and 98.
14
Calculate the greatest common divisor of 66 and 374.
22
What is the highest common divisor of 5706 and 27?
9
Calculate the highest common divisor of 168 and 420.
84
Calculate the greatest common divisor of 5734 and 610.
122
What is the greatest common divisor of 8 and 7808?
8
Calculate the highest common factor of 92 and 1196.
92
What is the highest common divisor of 165 and 6?
3
What is the greatest common factor of 1276 and 3074?
58
What is the highest common factor of 1375 and 22?
11
Calculate the highest common divisor of 232 and 32.
8
Calculate the highest common divisor of 268 and 67.
67
Calculate the highest common divisor of 52 and 5382.
26
What is the highest common divisor of 12 and 1488?
12
Calculate the greatest common factor of 6068 and 164.
164
Calculate the highest common divisor of 271 and 9.
1
Calculate the greatest common factor of 549 and 9.
9
What is the highest common divisor of 116 and 87?
29
What is the highest common divisor of 24 and 804?
12
What is the greatest common factor of 3528 and 504?
504
Calculate the highest common divisor of 21 and 70.
7
Calculate the greatest common divisor of 18 and 675.
9
What is the greatest common divisor of 16 and 128?
16
Calculate the greatest common factor of 1326 and 102.
102
Calculate the greatest common factor of 455 and 35.
35
What is the highest common factor of 136 and 56?
8
Calculate the highest common divisor of 60 and 20580.
60
What is the greatest common factor of 930 and 30?
30
Calculate the greatest common divisor of 970 and 10.
10
What is the highest common factor of 1300 and 52?
52
Calculate the highest common divisor of 623 and 178.
89
Calculate the greatest common divisor of 1316 and 84.
28
What is the greatest common divisor of 50 and 190?
10
Calculate the highest common divisor of 400 and 1100.
100
Calculate the greatest common factor of 20 and 19960.
20
Calculate the greatest common factor of 98 and 1876.
14
Calculate the highest common divisor of 58 and 986.
58
Calculate the highest common factor of 817 and 190.
19
What is the greatest common divisor of 95 and 35?
5
What is the greatest common factor of 3 and 3?
3
Calculate the greatest common factor of 62 and 10.
2
Calculate the highest common divisor of 2 and 59.
1
What is the highest common factor of 256 and 16?
16
Calculate the highest common factor of 486 and 18.
18
Calculate the greatest common factor of 142 and 18.
2
What is the greatest common divisor of 870 and 30?
30
What is the greatest common factor of 749 and 189?
7
What is the greatest common factor of 34 and 18?
2
What is the highest common factor of 1558 and 38?
38
What is the highest common factor of 33043 and 173?
173
What is the greatest common factor of 40 and 456?
8
What is the greatest common factor of 1020 and 60?
60
Calculate the highest common divisor of 117 and 342.
9
Calculate the greatest common divisor of 20 and 3020.
20
Calculate the highest common factor of 22 and 297.
11
What is the greatest common factor